nds digit of 42266/21*(41 + -23)?
3
Suppose -4*x = -3*u + 211, -2*x + 5*x = -5*u + 371. Let f = u + 32. What is the units digit of f?
5
Let d(k) = 3 - 31*k + 6 - 2. Let u be (5 + -10 - -9)*1/(-2). What is the units digit of d(u)?
9
Let c(w) be the third derivative of -5*w**4/8 + 4*w**3 + 8*w**2. What is the tens digit of c(-13)?
1
Suppose 361 = 2*m - 1871. Let i = -652 + m. What is the units digit of i?
4
Let d(g) = 1703*g + 513. What is the thousands digit of d(2)?
3
Let m(t) = -4*t + 17. Let f be m(3). Suppose 791 = 2*w + f*l, w + w = 5*l + 801. What is the hundreds digit of w?
3
Let o(t) = 74*t + 58. Suppose -12*u + 22*u - 50 = 0. What is the units digit of o(u)?
8
Let h = 9997 - 4509. What is the hundreds digit of h?
4
Let i(u) be the third derivative of u**5/4 - 19*u**4/24 - 49*u**3/3 + 37*u**2. What is the hundreds digit of i(-6)?
5
Let m(s) = -5*s**3 + 2*s**2 + 3*s + 2. Suppose -k + 4*k + 4*x = -3, 0 = 2*x. Let y be m(k). Suppose 107 = y*r - 5*r. What is the hundreds digit of r?
1
Let p(u) = u**3 + 8*u**2 - 7*u + 15. Let n be p(-9). Let l(b) = -b**2 + b + 4. Let d be l(n). Let a(v) = -v**2 - 14*v - 6. What is the units digit of a(d)?
2
Suppose 3*y + 2*y + g = 7555, y - 1511 = -4*g. Suppose 4*j - 1206 = 3*o, 4*j = -j + 2*o + y. What is the tens digit of j?
0
Suppose -3*y - 118 = -202. Suppose -33*j + 2075 = -y*j. What is the units digit of j?
5
Let r be (46 + 4 + -3)/(2/14). Let q = 556 - r. What is the hundreds digit of q?
2
Let b(z) = -6*z**3 - 5*z**2 + 4*z - 16. Let x be b(4). What is the tens digit of (x/32)/((-1)/36)?
2
Let l(n) = n**3 + 6*n**2 + 2*n + 25. Let x be l(-6). Let t(w) = 15*w - 67. What is the tens digit of t(x)?
2
What is the hundreds digit of 7*1 + ((-3324)/36)/((-3)/621)?
1
Suppose 3*t + 33 = u, 39 = -2*t - u - 4*u. Let j be t/8*146/(-3). Let o = j - 51. What is the units digit of o?
2
Let r(a) = 3480*a - 3974. What is the thousands digit of r(6)?
6
Suppose -o - 21 = -0*c + 4*c, 24 = -3*c + 2*o. Let l(m) = -3*m**3 - 7*m**2 - 15*m - 10. What is the units digit of l(c)?
6
Suppose -h = -5*r - 5, 6*r - 22 = 2*h + 4*r. Suppose -3 = -v + 2, 2*d + 2*v - 166 = 0. Let g = d + h. What is the units digit of g?
3
Suppose 5*j - 13*j + 48 = 0. Let v(g) = -g**2 + 5*g + 11. Let o be v(j). Suppose -o*m + 218 = -257. What is the units digit of m?
5
Let g(h) = 349*h - 1006. What is the ten thousands digit of g(36)?
1
Let b = -3079 + 3628. What is the units digit of b?
9
Let v = -77 - -75. Let n = -10 + v. What is the hundreds digit of 2*n/(-8) - -154?
1
Let t be (-1*2)/((-26)/(-117)). Let s = -12 - t. What is the units digit of (-2)/((-1)/((-87)/s))?
8
Suppose 4*d = -3*x + 661, -2*x = 3*d - 745 + 305. Let l = x + 125. What is the hundreds digit of l?
3
Suppose 15*c - 3282 - 2058 = 0. Suppose 0 = -l + 153 + c. What is the units digit of l?
9
Let o = 11572 - -2137. What is the thousands digit of o?
3
Let s = 240 + -230. Let m(h) = 8*h + 24. Let u(r) = 15*r + 49. Let q(j) = 7*m(j) - 3*u(j). What is the hundreds digit of q(s)?
1
Suppose -180 = 2*i + 166. Suppose -d = 3*l - 340, 3*d + 1202*l - 1199*l = 1002. Let j = d + i. What is the units digit of j?
8
Let c = 180 + -181. What is the hundreds digit of 494 - (5 - 8) - (-1 - c)?
4
What is the tens digit of (14085 - 100)*18/10?
7
Suppose 3*l + 0 = 3, -l = -3*i + 48713. What is the tens digit of i?
3
Let y be (2/5*5)/(2 + -3). Let b(s) = -4*s - 4. Let c be b(y). Suppose 0 = -2*f - c*f + 642. What is the hundreds digit of f?
1
Let k(w) = 0*w**3 - 7 - 5*w**2 + 3*w + 10*w**3 - 8*w**3. Let x be k(6). Suppose 4*v - 283 = -o, 4*v + o + 4*o = x. What is the units digit of v?
2
Let x(z) = 1844*z**2 + 2278*z - 13703. What is the units digit of x(6)?
9
Let x be (-5 - (-2177)/(-21))*-3. What is the hundreds digit of x*((-18)/(-24) + 2/(-8))?
1
Suppose 642*o - 639*o - 37200 = 0. Suppose -o = -17*w + w. What is the hundreds digit of w?
7
Suppose -8*j - 144 + 520 = 0. Suppose -4*a - 8 = 0, -j - 199 = -4*l - a. What is the units digit of l?
2
Let z = -125 + 218. Suppose 2*b + 30 = -0*b + 2*x, 5*b + z = -x. What is the tens digit of 114/(-4)*b/27?
1
Suppose -2*g + 3*t + 2748 = 0, 7*g - t = 6*g + 1375. What is the tens digit of g?
7
Suppose -184*u + 1893346 = -1974275 - 583891. What is the units digit of u?
3
Suppose 3*h = 3*d + 227 + 223, d = 2*h - 301. Suppose -13*n + 15*n = -98. Let y = h + n. What is the units digit of y?
2
Suppose -3*x = -15*x + 22020. Suppose -10*n + 5*n = -x. What is the units digit of n?
7
Suppose 0 = 2*c + 2*y - 48, 4*c = -y + 58 + 26. Let o = 168 - c. What is the units digit of o?
8
What is the units digit of (13 - (-170)/(-14))*(2 + 11961)?
4
Suppose 5*n = -2*q + 25605, 0 = 3*q - 108*n + 107*n - 38450. What is the ten thousands digit of q?
1
Suppose -4*y - 2*a + 6348 + 79718 = 0, 3*a = 15. What is the units digit of y?
4
Suppose 3*d - c - 4 = 0, -2 - 15 = d - 4*c. Suppose -955 = d*o - 8*o. Suppose 1 = -5*r + o. What is the units digit of r?
8
What is the hundreds digit of ((-2)/((-16)/2918))/(1*4/96)?
7
Let i(k) = -38*k + 15. Let b(y) = 13*y - 5. Let j(m) = -11*b(m) - 4*i(m). Let q = 1193 + -1191. What is the tens digit of j(q)?
1
Let o(x) = 2*x**3 + 72*x**2 + 66*x + 55. Let w be o(-35). Let i = -3 - -5. Suppose i*p = w + 39. What is the hundreds digit of p?
1
Suppose n - 8*n + 5067 + 127758 = 0. What is the ten thousands digit of n?
1
Let b(t) be the first derivative of -t**3/3 + 3*t**2/2 - 2*t - 11. Let s be b(2). Suppose 3*z = 3*l + 210, s*z + 3*z = -2*l + 225. What is the units digit of z?
3
Let m(v) = v**2 + 23*v - 35. Let l be m(-27). Let q be -1 + 0 - (-1)/((-2)/(-10)). Suppose -d + l = 4*y, q*d - 76 = -7*y + 3*y. What is the tens digit of y?
1
Suppose -550*g - 9016578 + 15792640 = -18832488. What is the tens digit of g?
6
Let m(f) = -f + 5. Let l(k) = -k**3 + 6*k**2 - 5*k - 2. Let x be l(5). Let t be 3 - x/(-2) - 3. What is the units digit of m(t)?
6
Let i be 100/(1 - (-14)/(-10)). Let b = -33 - i. What is the units digit of b?
7
Let v be 38810/7 - 16/56. Suppose 5659 + v = 17*j. What is the hundreds digit of j?
6
What is the tens digit of (868 - 824)*3/8*178?
3
Let r = -37 + 39. Suppose -r*l + 2 = 0, 2*g - 5*l - 41 = 298. Let a = g + -82. What is the units digit of a?
0
Let m be (1/3)/(4/516*-1). Let v = 48 + m. Suppose -2*r - 4*s + 185 = -185, -2*r = v*s - 373. What is the units digit of r?
9
Let c = 759 - -5372. What is the units digit of c?
1
Let b = 995 - 743. Suppose -b = -c + 45. What is the hundreds digit of c?
2
Let v = -295 + 298. Suppose -t - 2*t = v*q - 3039, -4 = 2*t. What is the hundreds digit of q?
0
Let t be (-34)/(-51)*63/(-2). Let n(u) = -94*u - 372. What is the tens digit of n(t)?
0
Suppose -13 - 11 = -4*r + 4*q, -5*r - 10 = 5*q. Suppose 13 = -r*p - 15. Let d(u) = -8*u - 3. What is the units digit of d(p)?
9
Let u(k) be the third derivative of 3*k**5/40 - k**4 + 13*k**3/3 + 17*k**2. Let z(l) be the first derivative of u(l). What is the tens digit of z(5)?
2
What is the units digit of (2 + -3)*(-3)/((-12)/(-66836))?
9
Let j = -404 + 410. What is the hundreds digit of (140/j)/((-4)/(-300)*5)?
3
Suppose 30*i - 331488 = 30972. What is the thousands digit of i?
2
Suppose 62*i - 740409 = 1436597. What is the units digit of i?
3
Let d(f) = f**3 - 5*f**2 - 8. Let h be d(6). Suppose -t - 2*o = -0*o - h, t = 5*o + 21. Suppose 3*j - 454 = -3*w + t, 0 = 4*w - 20. What is the tens digit of j?
5
Suppose r - u + 446 + 893 = 0, r = -u - 1337. Let y = 2443 + r. What is the thousands digit of y?
1
Suppose -4*h + 0*h + 1886 = 5*p, 3*p = h + 1118. Let n = p + -156. Suppose -14*v - n = -1464. What is the tens digit of v?
8
Suppose -7*r = -6*r - 25. Suppose -5*t - r = 0, 2*d + 4*t + 20 - 78 = 0. What is the tens digit of d?
3
Suppose 0 = 4*r - 15 + 7. Suppose 0 = 3*q - 0*q - r*z - 67, z + 65 = 3*q. Suppose f = -k + 28 + q, k - 3*f = 41. What is the tens digit of k?
4
Suppose -2074 = -26*x - 8054. What is the hundreds digit of (-6)/10 - 62928/x?
2
Suppose 0 = 2*o - 3*u - 28, o = -u + 2 + 2. Suppose 7*q = 6*q - o. What is the tens digit of ((-96)/5 + -2)/(q/20)?
5
Let q(i) = -i**3 - 17*i**2 - 14*i + 40. Let t be q(-16). Suppose t*y = 18*y - 10330. What is the units digit of y?
3
Let r(n) = -1282*n**2 + 2*n + 1. Let w be r(2). Let f = -3384 - w. What is the hundreds digit of 